 highest common divisor of 1573522 and 5196.
866
What is the greatest common factor of 100 and 124480?
20
Calculate the highest common factor of 54 and 5958.
18
Calculate the greatest common factor of 898528 and 48.
16
Calculate the greatest common divisor of 30723 and 882.
147
Calculate the highest common divisor of 404 and 163216.
404
Calculate the highest common factor of 2414 and 14382.
34
Calculate the highest common divisor of 2244 and 663.
51
What is the highest common factor of 952 and 5404?
28
What is the highest common factor of 3 and 7513?
1
Calculate the highest common divisor of 270 and 5814315.
135
Calculate the highest common divisor of 7 and 8407.
7
What is the greatest common factor of 120 and 690645?
15
What is the greatest common factor of 100844 and 1020?
68
Calculate the greatest common divisor of 6 and 486.
6
What is the highest common divisor of 318 and 83634?
318
What is the highest common factor of 21 and 805?
7
What is the highest common divisor of 1125 and 35125?
125
What is the greatest common divisor of 307174 and 1036?
518
What is the greatest common factor of 62 and 1988774?
62
Calculate the highest common divisor of 18 and 482553.
9
Calculate the greatest common divisor of 301 and 832050.
43
Calculate the greatest common divisor of 4693 and 11115.
247
What is the greatest common factor of 2511 and 196416?
279
Calculate the highest common divisor of 140107 and 8401.
271
Calculate the greatest common factor of 2530 and 99770.
110
Calculate the highest common divisor of 424 and 32888.
8
What is the greatest common factor of 598 and 20228?
26
What is the highest common factor of 112 and 361648?
112
What is the highest common divisor of 1602 and 35118?
18
Calculate the greatest common divisor of 111144 and 96.
24
What is the greatest common factor of 2263 and 4066611?
2263
Calculate the greatest common divisor of 725 and 12557.
29
Calculate the highest common factor of 1455 and 29585.
485
What is the greatest common divisor of 816 and 2332128?
816
Calculate the greatest common divisor of 1864710 and 630.
90
What is the highest common divisor of 21 and 1260042?
21
Calculate the greatest common factor of 12927 and 372.
93
What is the greatest common divisor of 1880652 and 742?
106
What is the highest common divisor of 18452 and 2142?
14
What is the highest common divisor of 83781 and 87?
87
Calculate the greatest common divisor of 52976 and 5805.
43
What is the highest common divisor of 1764 and 204?
12
Calculate the greatest common divisor of 22632 and 1230.
246
What is the greatest common factor of 296 and 174011?
37
Calculate the highest common divisor of 484 and 11415140.
484
What is the greatest common factor of 47 and 4692762?
47
Calculate the highest common divisor of 11368 and 1160.
232
Calculate the highest common factor of 454 and 5124298.
454
Calculate the highest common factor of 127 and 194437.
127
What is the highest common divisor of 14673 and 1608?
201
What is the highest common factor of 1446 and 6025?
241
Calculate the highest common factor of 4 and 26354.
2
What is the highest common factor of 24 and 3369?
3
What is the greatest common factor of 517 and 68291?
47
Calculate the greatest common factor of 70 and 12201.
7
What is the greatest common divisor of 18037 and 1751?
17
What is the greatest common factor of 139279 and 28?
7
What is the highest common factor of 122474 and 879?
293
What is the greatest common factor of 20797 and 63?
7
Calculate the greatest common factor of 17860 and 1130820.
940
Calculate the greatest common divisor of 107520 and 448.
448
Calculate the highest common divisor of 807484 and 253.
23
Calculate the greatest common factor of 37909 and 3859.
227
What is the highest common divisor of 3194275 and 105?
35
What is the highest common divisor of 488 and 31880?
8
Calculate the highest common factor of 216 and 93984.
24
What is the greatest common divisor of 145824 and 98?
98
What is the highest common divisor of 57086 and 100878?
782
Calculate the highest common divisor of 9360 and 152776.
104
Calculate the highest common factor of 4867 and 11005.
31
What is the highest common divisor of 81 and 1005453?
81
What is the greatest common factor of 7599 and 31737?
447
What is the greatest common divisor of 1503 and 33?
3
What is the highest common divisor of 1194 and 1692?
6
What is the greatest common factor of 675 and 3755025?
675
Calculate the highest common divisor of 46 and 15122178.
46
What is the greatest common divisor of 2101 and 792?
11
What is the highest common factor of 85838 and 9686?
334
What is the highest common factor of 225 and 7362?
9
Calculate the highest common divisor of 57570 and 855.
285
Calculate the highest common factor of 2424 and 92.
4
What is the greatest common divisor of 91773 and 330?
33
Calculate the highest common divisor of 836 and 262086.
418
Calculate the greatest common divisor of 434 and 91.
7
Calculate the greatest common divisor of 91989 and 864.
27
What is the greatest common factor of 969 and 139553?
17
What is the greatest common factor of 750 and 48250?
250
Calculate the highest common factor of 39 and 8985834.
39
Calculate the highest common divisor of 195 and 15535.
65
What is the greatest common divisor of 496 and 597928?
248
Calculate the highest common factor of 7452736 and 64.
64
What is the greatest common divisor of 1236 and 1752?
12
Calculate the greatest common factor of 12880 and 420.
140
What is the highest common divisor of 69 and 1258813?
23
What is the highest common divisor of 68 and 519078?
34
Calculate the greatest common factor of 3519 and 1104.
69
What is the highest common divisor of 23155 and 8250?
55
What is the greatest common factor of 2201 and 2059?
71
What is the greatest common divisor of 34488 and 46942?
958
Calculate the greatest common factor of 266223 and 9.
3
Calculate the highest common divisor of 119 and 51187.
17
What is the greatest common divisor of 49 and 8543003?
49
Calculate the highest common factor of 848 and 82998.
106
Calculate the greatest common factor of 2940 and 2540.
20
What is the greatest common factor of 8 and 15332?
4
Calculate the greatest common factor of 42 and 19206.
6
What is the greatest common divisor of 9126 and 840294?
702
What is the greatest common divisor of 4815 and 66875?
535
What is the greatest common factor of 1210 and 1430?
110
Calculate the greatest common divisor of 2257 and 3.
1
What is the greatest common divisor of 1115277 and 9?
3
What is the greatest common factor of 599194 and 2096?
262
What is the highest common factor of 2675 and 64628?
107
What is the highest common divisor of 1082 and 6?
2
What is the highest common factor of 143 and 42772587?
143
What is the greatest common factor of 3234 and 159005?
539
What is the highest common divisor of 55640 and 160?
40
Calculate the highest common divisor of 35679 and 231.
21
Calculate the greatest common factor of 31459 and 815.
163
Calculate the greatest common factor of 95195 and 32785.
395
Calculate the highest common factor of 1748 and 8924.
92
Calculate the greatest common factor of 3 and 49331.
1
Calculate the highest common divisor of 296 and 15947.
37
Calculate the greatest common factor of 990 and 7605.
45
Calculate the highest common factor of 1904 and 175304.
136
What is the greatest common factor of 77309 and 5579?
797
Calculate the highest common factor of 20992 and 6683.
41
Calculate the greatest common divisor of 1 and 395.
1
What is the greatest common factor of 4125 and 8875?
125
Calculate the greatest common divisor of 14883 and 25953.
123
Calculate the highest common divisor of 965157 and 1299.
1299
Calculate the greatest common factor of 19552 and 242896.
752
What is the greatest common divisor of 23 and 145751?
23
What is the highest common factor of 198 and 7392?
66
What is the greatest common factor of 338184 and 4752?
792
Calculate the highest common factor of 5103 and 4023.
27
What is the greatest common divisor of 276667 and 529?
529
Calculate the highest common factor of 224 and 1778.
14
Calculate the greatest common divisor of 520 and 3112.
8
Calculate the greatest common factor of 194592 and 32.
32
Calculate the greatest common factor of 28 and 7789166.
14
What is the greatest 